- 1?
-5
Evaluate -41 - -45 - (-1 + (-1 - -1)).
5
Calculate 104 + -102 - (-1 + (-1 - -4)).
0
Evaluate (4 + -4 - -3) + (5 - 5).
3
What is the value of 1 - 5 - (4 + -2)?
-6
What is 3 - (-2 + 0 - -7)?
-2
Calculate -1 + (2 - (5 + (0 - 1))).
-3
Evaluate 5 - (-2 + -1 + (3 - -5)).
0
13 - (0 - -4) - (-5 + 8)
6
What is -7 - (-24 + 5 - -4 - 2)?
10
What is the value of (6 + 7 - 15) + 6 + -2?
2
What is 0 - -6 - 1 - 3?
2
Evaluate 13 + -9 - (1 - (0 - 2)).
1
Evaluate 0 + (0 - -1 - (10 + -13)).
4
Evaluate (2 - 3 - -1) + 16 + -23.
-7
Evaluate 7 + -10 + (-2 - -4) + 6.
5
What is -4 - (-1 + 1 + (24 - 30))?
2
What is -6 + 5 + (-2 - -3 - 0)?
0
Evaluate -2 - -7 - (-2 + 9 + -3).
1
What is the value of 6 + 0 + -21 + 10?
-5
What is 2 + (2 - 2 - (-21 - -26))?
-3
Evaluate 40 - 44 - (1 + 0).
-5
What is 15 + -24 + 9 + -1?
-1
Evaluate 1 + -7 - (4 + 0 - 6).
-4
What is -1 + (3 - (0 - -2))?
0
What is 5 + (2 + -5 - 2)?
0
Calculate (5 - 1) + -10 + (1 - -1).
-4
What is the value of (-1 - -6) + (-14 - -8) - -4?
3
Evaluate (0 - -2) + (-6 - -4) + 1.
1
1 - (-6 + 6 + 5) - -1
-3
-6 + (2 - 3) - (-7 + 4)
-4
-2 - (-4 + 3) - 0 - 3
-4
What is the value of (2 - 2 - 4) + (4 - 1)?
-1
Evaluate (2 - 3) + 5 - (71 - 68).
1
What is 1 - (-6 + (-5 - -3 - -7))?
2
Evaluate -5 - 0 - (4 + 12 + -15).
-6
What is 14 + -14 - ((-1 - -5) + -2)?
-2
What is the value of 8 - (5 + 3 + -3)?
3
Evaluate -13 + 1 + (-8 - -13).
-7
Evaluate (0 + 1 - 3) + -4 + 8.
2
What is (0 - 5) + -6 + 9?
-2
What is the value of -1 - (3 + -12) - 15?
-7
What is 50 + -48 + (-1 - -4)?
5
2 + -6 - (14 - 13)
-5
What is the value of 6 + 4 + -5 + (-5 - -2)?
2
7 + -9 + 1 + 5
4
What is the value of -6 - -8 - (0 + -3 + 4)?
1
(4 - (-2 + 4)) + 2 + -3
1
Evaluate (-4 - (4 + 3 + -8)) + 4.
1
-2 + (5 - -1) + -4
0
What is -3 - (-3 - (7 - (2 - 2)))?
7
What is the value of (3 - 0) + -6 - (25 - 31)?
3
Calculate (7 - 3 - 5) + 1 + -5.
-5
What is 5 + 0 + 8 + 1 + -7?
7
What is the value of 2 + -6 + 0 - -6?
2
Calculate -11 - -8 - 12 - -7 - -17.
9
Evaluate 12 - 17 - (-3 - (2 - 3)).
-3
(-3 - -2) + -1 - -8
6
Evaluate ((7 - 7) + -1 - -10) + -5.
4
-5 + 1 + -1 - (-11 - -5)
1
What is 7 + -11 + 2 + -1 + -2?
-5
Evaluate -7 - ((-7 - 3) + 3).
0
(-3 + 2 - -4) + (8 - 13)
-2
Evaluate 0 + 1 + 1 + -1 - -1.
2
What is 4 + -26 - -8 - -11?
-3
What is the value of -13 - (-2 + 0 + (-4 - 0))?
-7
Evaluate -1 - 6 - (-1 - (4 + -2)).
-4
What is -3 - 0 - (-4 - -2)?
-1
Evaluate 5 - (-5 + 13) - -5.
2
Calculate 5 + 4 + -9 + 1.
1
Calculate -1 - 2 - (-27 - -25).
-1
-10 + 8 + 2 + -2 + 4
2
What is -11 - -13 - (0 + -1)?
3
What is (-5 - (9 + -7)) + 12?
5
Calculate 15 + -5 + (1 - 3).
8
(3 - 1) + 2 - 9
-5
What is the value of 6 + -9 + -8 + 15?
4
Evaluate -2 + 1 + 1 + -3 + 4.
1
Evaluate 0 + (-1 - (2 + -3)) - 5.
-5
What is -1 + (-2 - 3) + 4 + 0?
-2
Calculate -3 + (3 - (1 - 6 - -1)).
4
What is 3 + (-2 - 1) + 24 + -19?
5
Evaluate -2 - (3 - ((3 - 2) + 7)).
3
Calculate -3 - (-5 + 3) - (-4 + -1).
4
What is -4 + (-2 - (-6 + 5) - -3)?
-2
What is the value of 1 + -14 + (6 - -13)?
6
What is the value of 0 + 7 - (-12 + (12 - 0))?
7
Calculate (0 - -9) + (-1 - 7).
1
What is -258 + 252 - ((-12 - 1) + 1)?
6
Evaluate 3 - (3 + (-5 - -2) + 1).
2
4 + -1 + (-7 - -2)
-2
What is the value of -1 - 2 - (17 + -16)?
-4
Evaluate -7 + 1 + (13 - (6 - -3)).
-2
Evaluate -5 - -3 - (-2 + 1 - -3).
-4
What is (0 + -4 - 4) + 4 - 2?
-6
3 + (-6 - -2) - -5
4
Calculate (4 - 7 - 1) + -1.
-5
What is -2 + -5 - ((-9 - -4) + 1)?
-3
What is the value of 3 - 9 - -3 - -7 - 1?
3
What is (0 - -3) + (54 - 60)?
-3
6 + -6 + -4 + 1
-3
Evaluate 0 + (3 - 0) - (-37 + 42).
-2
What is 2 + 0 + -4 + 9?
7
What is the value of 0 - (-12 + 2 + 16)?
-6
What is -6 - -1 - 4 - -3?
-6
What is (33 - 41) + 0 + 5?
-3
Evaluate -9 + (9 - 10 - 0).
-10
What is 6 + 2 + -13 + 2 - 1?
-4
Evaluate 3 - ((-14 - -17) + (1 - 5)).
4
What is the value of -3 - -7 - (0 + -4 - -13)?
-5
Evaluate (-1 + -6 - 3) + (-8 - -15).
-3
Calculate 11 - (11 + -8 + 3).
5
Evaluate (1 - -1) + (-5 - -6).
3
Calculate -4 + -1 - (-15 - -14).
-4
Calculate -2 + 2 - (-2 - (-4 + 1)).
-1
Evaluate -1 + -3 + 1 - (-5 + -2).
4
(-11 - -2) + 1 - -5
-3
Evaluate 8 + -1 - (11 + -11).
7
Calculate -1 + 3 + -7 - (29 - 31).
-3
What is the value of 2 + (2 - (-2 + 8))?
-2
Evaluate -3 + 6 + 2 + -10.
-5
What is 9 - 9 - (-1 - 2)?
3
Evaluate -3 + -4 + 8 + 4.
5
Calculate (7 - 14) + 9 - -2.
4
Calculate (-12 - -25) + -20 - 1.
-8
What is the value of -8 + (10 - 5) + (-2 - -6)?
1
Calculate -4 + 7 + 0 + (0 - 7).
-4
Calculate -3 - ((0 - -1) + -1) - -5.
2
-4 - -2 - (10 + -16)
4
(0 - 8 - -1) + (1 - -8)
2
Calculate (1 - -1) + (3 - (7 - 0)).
-2
What is 4 + (4 - -5 - 11)?
2
Calculate -4 - ((4 - 6) + 2 + -4).
0
What is the value of (-6 - 1) + 0 + 4?
-3
What is the value of -15 - -14 - (-9 + 3)?
5
-3 + -4 + 5 - 2
-4
Calculate -3 - (3 + (-1 - 3)).
-2
-4 - -1 - -1 - (14 + -10)
-6
What is the value of -5 + 9 + -2 + -4 + -6?
-8
What is (2 - 0) + (-8 - 4) + 7?
-3
What is 4 + (-2 - -3 - (3 - 6))?
8
Evaluate -2 + -18 - -20 - (-3 - 1).
4
Evaluate (7 - 2) + -2 + -7 + 3.
-1
Evaluate (-28 - -34) + (0 - 1).
5
-6 + (-4 + 2 - (1 + -2))
-7
What is 14 + -4 + (6 - 0 - 8)?
8
What is (-2 + -4 - -9) + -2?
1
What is 51 + -52 + 1 + -3?
-3
Calculate 2 - -1 - (11 - 9).
1
What is -6 - (1 + (-3 - 2)) - -4?
2
Calculate (17 - 12) + 0 + 1 + -13.
-7
Evaluate (-2 - -8) + -2 + -1.
3
What is the value of (2 - (-7 + 3 + 0)) + -3?
3
Calculate (-1 - -4) + -1 + 24 + -28.
-2
Evaluate -1 + (-7 + 3 - -4) + 7.
6
What is -3 + (-1 - (0 - -2)) + 3?
-3
Evaluate -2 - (5 + (-11 - -1)).
3
Calculate (-4 - (-1 + 1)) + (0 - 0).
-4
Evaluate 7 + -8 - (-6 - -4 - -6).
-5
Calculate 0 - (1 - (2 - 2)).
-1
-5 - 2 - (-3 + 1)
-5
Calculate (-6 - -1 - 3) + 12.
4
What is the value of -4 + 9 + -1 + -5?
-1
What is (4 - -2) + (2 - (5 + 0))?
3
What is 1 - 0 - (3 - 8 - -2)?
4
What is 1 - 1 - 3 - -2?
-1
Evaluate (14 - 1 - 20) + 8.
1
Evaluate 7 + -4 + -3 + 2 - 4.
-2
Evaluate 1 + -7 - (-26 - (9 + -28)).
1
What is the value of (-5 - -1) + 5 + 2 + 1?
4
Evaluate 2 - (-1 + 1 + (-2 - -8)).
-4
Evaluate 1 - (6 - -1 - (-2 - -5)).
-3
Calculate -7 + 7 - (1 + 3).
-4
What is -9 + (5 - 1 - -2)?
-3
Evaluate (12 - 7) + 8 - 4.
9
Evaluate (-3 - (-1 + 4 + -7)) + -1.
0
Evaluate -3 + -5 + 7 + 0 + -4.
-5
-3 - 2 - (6 - 7)
-4
What is 6 - (1 + -5 - (0 + -11))?
-1
What is 4 - (-2 - -3 - 0) - 0?
3
Evaluate -4 - ((1 - (-3 + 3)) + -3).
-2
What is -3 + 0 - (-1 + -9 - -6)?
1
Calculate 0 + -2 - 3 - -3.
-2
What is -5 + -2 + (0 - -4 - 1)?
-4
Evaluate 2 + 5 + -5 + 5 + -16.
-9
What is the value of 0 - (-3 - -1) - -2?
4
What is the value of -18 + 8 + 3 - -3?
-4
Evaluate -6 + -9 + 0 + 10.
-5
What is 7 - (2 - (4 + -6))?
3
What is the value of 2 + 2 + -11 + 3 - -7?
3
What is the value of (-8 - (11 - 8)) + 10?
-1
What is the value of -4 - (-4 + 1) - 0?
-1
What is the value of -7 + (2 - (10 + -8) - 0)?
-7
What is the value of 6 + -7 + -1 - 3?
-5
3 + (-5 - -7) + -6
-1
Calculate -5 + 0 + 2 + (7 - 6).
-2
What is 5 - (8 + 2) - -5 - 0?
0
What is the value of -3 + (1 - -10) - 9?
-1
What is 42 - 48 - (-4 + 0)?
-2
2 - 7 - (2 + -2)
-5
Evaluate -1 + (-2 - (-2 - 2)).
1
What is (9 - 3) + -6 + (1 - 0)?
1
-7 + (5 + 8 - 1)
5
What is the value of -5 - (2 - -5 - 5)?
-7
(5 - (0 + 5)) + 0 + 6
6
What is -4 - (6 + (-7 - -1))?
-4
Calculate 5 - (10 - -8 - 12).
-1
What is -1 + (-2 - (-1 + -4))?
2
What is the value of -2 + 0 - (3 + 1 + -7)?
1
Calculate 3 - 0 - (7 + -14 + 9).
1
Calculate 3 - (-2 + (-1 - (-2 - 0))).
4
What is the value of (126 - 141) + 1 + 16?
2
-18 + 1 - (-79 - -66)
-4
1 + -2 + 0 - -3
2
What is the value of -1 + 1 + 10 + (-2 - 13)?
-5
Calculate -5 - 0 - (-4 + 4).
-5
What is the value of (0 - (-9 + 5 + 3)) + -2?
-1
Evaluate -6 - ((-1 - -2) + -2).
-5
(-2 + -5 - -2) + (-11 - -11)
-5
What is the value of 0 + -1 + 1 - (3 - 0)?
-3
-6 + 13 + -15 + 6
-2
What is -2 + 1 + (-7 - (-11 - -5))?
-2
-8 - ((15 - 7) + -9)
-7
Evaluate 2 + -7 + 3 + 2 + -3.
-3
What is the value of 0 + -4 + 12 - 5 - 5?
-2
What is the value of 10 + (-2 - 2 - 1) + -5?
0
What is the value of -1 + (6 - (6 + 4))?
-5
What is 12 + (-8 - 7) + 1?
-2
Evaluate 3 + -4 + -3 + (1 - -4).
1
3 - -18 - 7 - 8
6
Evaluate 3 + -7 + 4 + -1 - 1.
-2
What is 6 - (-3 + 5 + 1)?
3
Calculate 0 + -8 + 12 + -10.
-6
What is the value of -3 + 11 - (28 - 15)?
-5
-5 + (0 - -11) + -3
3
Evaluate 4 + (-2 + 2 - -3 - 5).
2
18 - 1 - 5 - 1 - 1
1